{"id":562,"date":"2022-11-24T11:58:02","date_gmt":"2022-11-24T10:58:02","guid":{"rendered":"http:\/\/ande-nantes.fr\/?page_id=562"},"modified":"2024-03-12T14:28:53","modified_gmt":"2024-03-12T13:28:53","slug":"association","status":"publish","type":"page","link":"https:\/\/ande-nantes.fr\/?page_id=562","title":{"rendered":"Association"},"content":{"rendered":"\n<p><img loading=\"lazy\" decoding=\"async\" width=\"90\" height=\"83\" class=\"wp-image-570\" style=\"width: 90px;\" src=\"https:\/\/ande-nantes.fr\/wp-content\/uploads\/2022\/11\/Picto-Action.jpg\" alt=\"\"><strong>Cr\u00e9\u00e9e en 1972<\/strong><br><\/p>\n\n\n\n<p class=\"has-header-gradient-color has-text-color\"><strong>\u2022 Diaporama de pr\u00e9sentation <a href=\"https:\/\/ande-nantes.fr\/wp-content\/uploads\/2019\/04\/Diaporama-ANDE.pdf\">ici<\/a><br>\u2022 D\u00e9pliant de pr\u00e9sentation      de l&rsquo;association <a href=\"http:\/\/fubicy.org\/nantes-ande\/ande\/Depliant%20ANDE%20site.pdf\">ici<\/a><\/strong><\/p>\n\n\n\n<p><strong>L&rsquo;ANDE, a \u00e9t\u00e9 cr\u00e9\u00e9e en 1972 \u00e0 l&rsquo;initiative      de Nantais <\/strong>qui ne voulaient pas que leur ville soit d\u00e9natur\u00e9e      par la construction d&rsquo;autoroutes urbaines. Elle a propos\u00e9 des solutions      raisonnables, peu co\u00fbteuses qui garantissent \u00e0 tous le droit      au transport tout en pr\u00e9servant l&rsquo;environnement.<br>     Ces derni\u00e8res ann\u00e9es, l&rsquo;association s&rsquo;est recentr\u00e9e sur      les probl\u00e8mes de transport et a modifi\u00e9 son appellation (de      \u00a0\u00bb Association Nantaise de D\u00e9fense de l&rsquo;Environnement \u00a0\u00bb \u00e0      \u00a0\u00bb Association Nantaise D\u00e9placements Environnement \u00ab\u00a0) pour      \u00e9viter des confusions sur ses r\u00e9els centres d&rsquo;int\u00e9r\u00eat.    <\/p>\n\n\n\n<p class=\"has-black-color has-text-color\"><strong>Propositions de l&rsquo;ANDE :<\/strong><br>    <strong> * Priorit\u00e9 aux transports collectifs urbains<\/strong>, les plus aptes \u00e0      transporter un maximum de personnes sans encombrer l&rsquo;espace public.<br>   <strong>  *<\/strong> Mise en place dans l&rsquo;agglom\u00e9ration nantaise de <strong>solutions adapt\u00e9es<\/strong>      aux besoins des d\u00e9placements : tramway, bus, train.<br><strong>     *<\/strong> Adoption d&rsquo;un <strong>r\u00e9seau de voies cyclables s\u00e9curis\u00e9<\/strong>      et confortable<br><strong>     *<\/strong> Protection du <strong>cheminement des pi\u00e9tons<\/strong> par la protection des      trottoirs et la cr\u00e9ation de rues et places pi\u00e9tonnes.<br><strong>     * <\/strong>Pour une politique de circulation g\u00e9n\u00e9rale et de <strong>stationnement <\/strong>     qui dissuade l&rsquo;utilisation exclusive de l&rsquo;automobile, pr\u00e9judiciable      autant \u00e0 elle-m\u00eame qu&rsquo;aux autres modes de d\u00e9placements.<br><strong>     * <\/strong>Pour une <strong>politique d&rsquo;urbanisation<\/strong> qui reconcentre les lieux d&rsquo;habitation,      de loisir, de travail et de services. A l&rsquo;oppos\u00e9 du mitage qui a tendance      \u00e0 se d\u00e9velopper dans les communes p\u00e9riph\u00e9riques      avec des constructions de plus en plus \u00e9loign\u00e9es des centres      d&rsquo;activit\u00e9s et fortes g\u00e9n\u00e9ratrices de d\u00e9placements      en v\u00e9hicule individuel.<br><strong>     *<\/strong> Lutte contre les <strong>nuisances urbaines<\/strong> : bruit, pollution, affichage publicitaire      excessif.<\/p>\n\n\n\n<p><strong>Les moyens d&rsquo;action :<\/strong><br>     <strong>*<\/strong> Manifestation ponctuelles, distribution de tracts, organisation de      r\u00e9unions publiques.<br>    <strong> *<\/strong> Recours \u00e0 la presse, les radios, les t\u00e9l\u00e9visions pour faire conna\u00eetre nos positions.<br>    <strong> *<\/strong> Participation aux instances concern\u00e9es par le cadre de vie des      nantais : SEMITAN, Collectif Transport, Conseil de D\u00e9veloppement,      Conseils de quartiers.<br>     <strong>*<\/strong> Rencontres avec les \u00e9lus et les techniciens des collectivit\u00e9s.<br>     <strong>*<\/strong> R\u00e9alisations de dossiers et \u00e9tudes ponctuelles. <\/p>\n\n\n\n<p><strong>     Activit\u00e9s de L&rsquo;ANDE :<\/strong><br>     <strong>&#8211;<\/strong> association locale de la <strong>FNAUT<\/strong> (F\u00e9d\u00e9ration Nationale des Usagers      des Transports), <br>     <strong>&#8211; <\/strong>de la <strong>FUB <\/strong>(F\u00e9d\u00e9ration des usagers de la Bicyclette), <br>     <strong>&#8211;<\/strong> membre du <strong>Collectif Transport<\/strong> de l&rsquo;agglom\u00e9ration nantaise,<br>     <strong>&#8211;<\/strong> membre du Conseil d&rsquo;administration de la <strong>SEMITAN<\/strong> (Soci\u00e9t\u00e9      d&rsquo;Economie Mixte des transports de l&rsquo;Agglom\u00e9ration Nantaise),<br>     <strong>&#8211;<\/strong> Si\u00e8ge au <strong>Conseil de D\u00e9veloppement<\/strong>,<br>    <strong> &#8211;<\/strong> participe \u00e0 la <strong>Commission Consultative des Services Publics Locaux       de Nantes M\u00e9tropole<\/strong>,<br><br>    <\/p>\n\n\n\n<p>T\u00e9l\u00e9charger le <a href=\"https:\/\/ande-nantes.fr\/wp-content\/uploads\/2024\/03\/Bulletin-adhesion-ANDE-2024.pdf\">bulletin d&rsquo;adh\u00e9sion<\/a> <\/p>\n\n\n\n<p><em>T\u00e9l\u00e9chargement des <a href=\"https:\/\/ande-nantes.fr\/index.php\/statut\/\">statuts<\/a><\/em><\/p>\n\n\n\n<figure class=\"wp-block-image size-large\"><img loading=\"lazy\" decoding=\"async\" width=\"1024\" height=\"157\" src=\"https:\/\/ande-nantes.fr\/wp-content\/uploads\/2022\/11\/Bandeau-picto2-1024x157.jpg\" alt=\"\" class=\"wp-image-637\" srcset=\"https:\/\/ande-nantes.fr\/wp-content\/uploads\/2022\/11\/Bandeau-picto2-1024x157.jpg 1024w, https:\/\/ande-nantes.fr\/wp-content\/uploads\/2022\/11\/Bandeau-picto2-300x46.jpg 300w, https:\/\/ande-nantes.fr\/wp-content\/uploads\/2022\/11\/Bandeau-picto2-768x118.jpg 768w, https:\/\/ande-nantes.fr\/wp-content\/uploads\/2022\/11\/Bandeau-picto2-1536x235.jpg 1536w, https:\/\/ande-nantes.fr\/wp-content\/uploads\/2022\/11\/Bandeau-picto2.jpg 1575w\" sizes=\"auto, (max-width: 1024px) 100vw, 1024px\" \/><\/figure>\n","protected":false},"excerpt":{"rendered":"<p>Cr\u00e9\u00e9e en 1972 \u2022 Diaporama de pr\u00e9sentation ici\u2022 D\u00e9pliant de pr\u00e9sentation de l&rsquo;association ici L&rsquo;ANDE, a \u00e9t\u00e9 cr\u00e9\u00e9e en 1972 \u00e0 l&rsquo;initiative de Nantais qui ne voulaient pas que leur ville soit d\u00e9natur\u00e9e par la construction d&rsquo;autoroutes urbaines. Elle a propos\u00e9 des solutions raisonnables, peu co\u00fbteuses qui garantissent \u00e0 tous [&hellip;]<\/p>\n","protected":false},"author":1,"featured_media":0,"parent":0,"menu_order":0,"comment_status":"closed","ping_status":"closed","template":"","meta":{"footnotes":""},"class_list":["post-562","page","type-page","status-publish","hentry"],"_links":{"self":[{"href":"https:\/\/ande-nantes.fr\/index.php?rest_route=\/wp\/v2\/pages\/562","targetHints":{"allow":["GET"]}}],"collection":[{"href":"https:\/\/ande-nantes.fr\/index.php?rest_route=\/wp\/v2\/pages"}],"about":[{"href":"https:\/\/ande-nantes.fr\/index.php?rest_route=\/wp\/v2\/types\/page"}],"author":[{"embeddable":true,"href":"https:\/\/ande-nantes.fr\/index.php?rest_route=\/wp\/v2\/users\/1"}],"replies":[{"embeddable":true,"href":"https:\/\/ande-nantes.fr\/index.php?rest_route=%2Fwp%2Fv2%2Fcomments&post=562"}],"version-history":[{"count":13,"href":"https:\/\/ande-nantes.fr\/index.php?rest_route=\/wp\/v2\/pages\/562\/revisions"}],"predecessor-version":[{"id":925,"href":"https:\/\/ande-nantes.fr\/index.php?rest_route=\/wp\/v2\/pages\/562\/revisions\/925"}],"wp:attachment":[{"href":"https:\/\/ande-nantes.fr\/index.php?rest_route=%2Fwp%2Fv2%2Fmedia&parent=562"}],"curies":[{"name":"wp","href":"https:\/\/api.w.org\/{rel}","templated":true}]}}

<p><img loading="lazy" decoding="async" width="90" height="83" class="wp-image-570" style="width: 90px;" src="https://ande-nantes.fr/wp-content/uploads/2022/11/Picto-Action.jpg" alt=""><strong>Créée en 1972</strong><br></p>



<p class="has-header-gradient-color has-text-color"><strong>• Diaporama de présentation <a href="https://ande-nantes.fr/wp-content/uploads/2019/04/Diaporama-ANDE.pdf">ici</a><br>• Dépliant de présentation      de l&rsquo;association <a href="http://fubicy.org/nantes-ande/ande/Depliant%20ANDE%20site.pdf">ici</a></strong></p>



<p><strong>L&rsquo;ANDE, a été créée en 1972 à l&rsquo;initiative      de Nantais </strong>qui ne voulaient pas que leur ville soit dénaturée      par la construction d&rsquo;autoroutes urbaines. Elle a proposé des solutions      raisonnables, peu coûteuses qui garantissent à tous le droit      au transport tout en préservant l&rsquo;environnement.<br>     Ces dernières années, l&rsquo;association s&rsquo;est recentrée sur      les problèmes de transport et a modifié son appellation (de       » Association Nantaise de Défense de l&rsquo;Environnement  » à       » Association Nantaise Déplacements Environnement « ) pour      éviter des confusions sur ses réels centres d&rsquo;intérêt.    </p>



<p class="has-black-color has-text-color"><strong>Propositions de l&rsquo;ANDE :</strong><br>    <strong> * Priorité aux transports collectifs urbains</strong>, les plus aptes à      transporter un maximum de personnes sans encombrer l&rsquo;espace public.<br>   <strong>  *</strong> Mise en place dans l&rsquo;agglomération nantaise de <strong>solutions adaptées</strong>      aux besoins des déplacements : tramway, bus, train.<br><strong>     *</strong> Adoption d&rsquo;un <strong>réseau de voies cyclables sécurisé</strong>      et confortable<br><strong>     *</strong> Protection du <strong>cheminement des piétons</strong> par la protection des      trottoirs et la création de rues et places piétonnes.<br><strong>     * </strong>Pour une politique de circulation générale et de <strong>stationnement </strong>     qui dissuade l&rsquo;utilisation exclusive de l&rsquo;automobile, préjudiciable      autant à elle-même qu&rsquo;aux autres modes de déplacements.<br><strong>     * </strong>Pour une <strong>politique d&rsquo;urbanisation</strong> qui reconcentre les lieux d&rsquo;habitation,      de loisir, de travail et de services. A l&rsquo;opposé du mitage qui a tendance      à se développer dans les communes périphériques      avec des constructions de plus en plus éloignées des centres      d&rsquo;activités et fortes génératrices de déplacements      en véhicule individuel.<br><strong>     *</strong> Lutte contre les <strong>nuisances urbaines</strong> : bruit, pollution, affichage publicitaire      excessif.</p>



<p><strong>Les moyens d&rsquo;action :</strong><br>     <strong>*</strong> Manifestation ponctuelles, distribution de tracts, organisation de      réunions publiques.<br>    <strong> *</strong> Recours à la presse, les radios, les télévisions pour faire connaître nos positions.<br>    <strong> *</strong> Participation aux instances concernées par le cadre de vie des      nantais : SEMITAN, Collectif Transport, Conseil de Développement,      Conseils de quartiers.<br>     <strong>*</strong> Rencontres avec les élus et les techniciens des collectivités.<br>     <strong>*</strong> Réalisations de dossiers et études ponctuelles. </p>



<p><strong>     Activités de L&rsquo;ANDE :</strong><br>     <strong>&#8211;</strong> association locale de la <strong>FNAUT</strong> (Fédération Nationale des Usagers      des Transports), <br>     <strong>&#8211; </strong>de la <strong>FUB </strong>(Fédération des usagers de la Bicyclette), <br>     <strong>&#8211;</strong> membre du <strong>Collectif Transport</strong> de l&rsquo;agglomération nantaise,<br>     <strong>&#8211;</strong> membre du Conseil d&rsquo;administration de la <strong>SEMITAN</strong> (Société      d&rsquo;Economie Mixte des transports de l&rsquo;Agglomération Nantaise),<br>     <strong>&#8211;</strong> Siège au <strong>Conseil de Développement</strong>,<br>    <strong> &#8211;</strong> participe à la <strong>Commission Consultative des Services Publics Locaux       de Nantes Métropole</strong>,<br><br>    </p>



<p>Télécharger le <a href="https://ande-nantes.fr/wp-content/uploads/2024/03/Bulletin-adhesion-ANDE-2024.pdf">bulletin d&rsquo;adhésion</a> </p>



<p><em>Téléchargement des <a href="https://ande-nantes.fr/index.php/statut/">statuts</a></em></p>



<figure class="wp-block-image size-large"><img loading="lazy" decoding="async" width="1024" height="157" src="https://ande-nantes.fr/wp-content/uploads/2022/11/Bandeau-picto2-1024x157.jpg" alt="" class="wp-image-637" srcset="https://ande-nantes.fr/wp-content/uploads/2022/11/Bandeau-picto2-1024x157.jpg 1024w, https://ande-nantes.fr/wp-content/uploads/2022/11/Bandeau-picto2-300x46.jpg 300w, https://ande-nantes.fr/wp-content/uploads/2022/11/Bandeau-picto2-768x118.jpg 768w, https://ande-nantes.fr/wp-content/uploads/2022/11/Bandeau-picto2-1536x235.jpg 1536w, https://ande-nantes.fr/wp-content/uploads/2022/11/Bandeau-picto2.jpg 1575w" sizes="auto, (max-width: 1024px) 100vw, 1024px" /></figure>

<p>Créée en 1972 • Diaporama de présentation ici• Dépliant de présentation de l&rsquo;association ici L&rsquo;ANDE, a été créée en 1972 à l&rsquo;initiative de Nantais qui ne voulaient pas que leur ville soit dénaturée par la construction d&rsquo;autoroutes urbaines. Elle a proposé des solutions raisonnables, peu coûteuses qui garantissent à tous [&hellip;]</p>
